7*i. Calculate v(-4).
41
Let l(s) = -s**3 - 6*s**2 + 7*s - 8. Let u(h) be the third derivative of h**5/60 + h**4/6 - 2*h**3 - 2*h**2. Let w be u(-5). Calculate l(w).
-8
Let d = 19 + -13. Let w(y) be the third derivative of y**5/60 - y**4/4 - 7*y**3/6 + 34*y**2. Give w(d).
-7
Let j(m) be the third derivative of m**7/1260 + m**6/144 + m**5/40 + 11*m**4/24 + 6*m**2. Let a(d) be the second derivative of j(d). What is a(-3)?
6
Let r(h) = 7*h**2 + 9*h + 14. Let j(n) = -17*n**2 - 17*n - 28. Let d(a) = -2*j(a) - 5*r(a). Determine d(-9).
4
Let n(u) = 4*u**3 - 98 + 193 + u**2 - 96. Calculate n(1).
4
Let o(k) be the first derivative of 0*k**2 - 7 + 1/60*k**5 - 7/24*k**4 + 0*k - 2*k**3. Let p(f) be the third derivative of o(f). Give p(6).
5
Suppose -3*m = -4*c + 3, -4*c - c = 4*m + 35. Let d(n) = 2*n + 1 - 1 + 0 + 1. Give d(m).
-9
Let n(m) be the first derivative of m**4/4 + 10*m**3/3 - m**2/2 + 12*m + 128. Determine n(-10).
22
Let m(d) be the third derivative of -d**4/24 - d**3/6 - 29*d**2. Let z = 14 - 21. Give m(z).
6
Suppose 73*z - 504 - 372 = 0. Let n(w) = -w + 15. Give n(z).
3
Let k(i) = -i + i + 3*i + 2. Suppose 2*a - 2 = o - 1, -3*o + 5 = -4*a. Suppose -s - o*s = 16. Calculate k(s).
-4
Let u(j) be the second derivative of -j**4/6 + j**3/2 - j**2 + 78*j. What is u(2)?
-4
Let j(n) = n - 16. Let g be j(7). Let f(u) = u**3 + 10*u**2 + 9*u - 2. Let o be f(g). Let m(p) = -p**3 - p**2 + 2*p - 1. Calculate m(o).
-1
Let r(g) = -5*g**2 - 10*g. Let m be r(-1). Let x(j) = -j**3 + 3*j**2 + 6*j - 5. Calculate x(m).
-25
Let y(l) = 33*l + 6. Let x(u) = -71*u - 14. Let r(m) = 3*x(m) + 7*y(m). Give r(-1).
-18
Let j = 18 - 15. Let m be (1 - (14 - j))/2. Let t(u) = -5*u - 5*u + 2 + 12*u + 1. What is t(m)?
-7
Suppose 0 = 3*h - 2*h - 3*n - 13, 3*h - 2*n = 18. Suppose 5*x + r = 0, h*x - r = -0*r + 9. Let b be 1 + x + 2/(-2). Let t(w) = 2*w**2 - 1. Calculate t(b).
1
Let f be 2/(-7) + 0 - 60/(-210). Suppose f = -x - 11 + 18. Let s(y) = y**3 - 8*y**2 + 6*y + 4. Determine s(x).
-3
Suppose 4*k - 8 = 2*k. Suppose -3*o + 10 = -o - 5*x, 4*x = -k*o + 20. Suppose -4 - 1 = -o*m. Let l(t) = 10*t. Determine l(m).
10
Suppose 27 = 5*x - n, 2*n + 9 = 5. Let i(k) = -6*k - 2. Calculate i(x).
-32
Let x(d) = d**2 - 3. Suppose 0 = -4*u - 2*l, 0 = 2*l + 2*l - 8. Let a be -16 - -17 - (0 - u). Determine x(a).
-3
Let i(s) = -19*s - 33. Let b(r) = -29*r - 55. Let l(o) = -5*b(o) + 8*i(o). What is l(-5)?
46
Let y(m) = 3*m - 30. Let u be y(11). Let x(p) = 16*p**2 - 2 + u*p**3 - 37*p**2 + 16*p**2 - 2*p**3 + 4*p. Calculate x(4).
-2
Let j(o) = -10*o - 3. Let i(m) = 8*m + 2. Let v(n) = -4*i(n) - 3*j(n). Let b = 8 - 3. Give v(b).
-9
Let v(j) be the second derivative of -j**4/24 - 11*j**2/2 + 10*j. Let s(f) be the first derivative of v(f). Let m(u) = -u + 5. Let r be m(5). Give s(r).
0
Let u(t) = -t**3 - 7*t**2 + 1033 - 5*t - 2058 + 1030. Determine u(-6).
-1
Let n(a) = -4*a**2 + 6*a + 3 + 0 + a**3 - 2 - 13*a. Let y(b) = -9*b - 67. Let k be y(-8). What is n(k)?
-9
Let a(y) = -17*y + 35*y + y**3 - 7*y**2 - 13*y + 5. Suppose -g - 20 = 7*o - 2*o, -5 = 2*g + 3*o. Determine a(g).
-20
Let h be (462/35)/2 - (-15)/(-25). Let a(k) = -7*k + 48. What is a(h)?
6
Let h(q) = 2*q - 4. Let d be 1 - -4 - (-60)/15. Determine h(d).
14
Let n(o) be the first derivative of 6 + 0*o**2 + o - 4*o**2 + 6*o**2 + 19. Give n(-3).
-11
Let o(s) = s**2 + 8*s + 12. Let n be o(-7). Suppose -n*y = -14*y. Let u(w) = w**3 + w**2 + w - 4. What is u(y)?
-4
Suppose 3*z = 6*z - 3*l - 15, z - 7 = 3*l. Let u(k) = 10*k**3 + z*k - 7*k**3 + 2*k - 5 + k**2 - 4*k**3. Give u(4).
-29
Let f(g) = -2 + 6*g**2 + 0*g**3 - g**3 - 28*g + 40*g - 7 - 2*g. What is f(8)?
-57
Let c(q) = 2*q**2 - 2*q + 1. Let i be c(3). Suppose 4*b = -7 - i. Let v(g) be the first derivative of g**2/2 + 5*g - 15. What is v(b)?
0
Suppose 2*h + 5*a + 1 = 0, -2*h - 32 = -7*h - a. Let g(l) be the first derivative of l**2/2 - 3*l + 81. Give g(h).
4
Suppose -4*b + 5*b + 9 = 4*u, 4*u + 4*b - 4 = 0. Let d(t) = -2*t**2 - 3*t + 2. What is d(u)?
-12
Let h(s) = 36*s - 6. Let v be h(8). Let o be (-4)/(-18) - v/54. Let d(k) = 1 + 3 - 8901*k - k**2 + 8897*k + 0*k**2. Calculate d(o).
-1
Let z(t) = 28*t**3 + 2*t**2 + 5*t - 6. Let s(f) = -2*f**3 + f - 1. Let q(k) = 5*s(k) - z(k). Determine q(1).
-39
Let w(l) = -6 + 24 + l - 23. Give w(5).
0
Let y(s) = s**2 + 8*s + 4. Let n(r) = -r - 25. Let p be n(-17). Let b be y(p). Suppose -8 = b*o, -3*d - 5*o + o = 2. Let m(t) = 5*t - 3. Give m(d).
7
Suppose -5*t - 131 = -2*c, 140 = -3*t - 2*t + 5*c. Let z = t - -31. Let p(r) = -r. What is p(z)?
-6
Suppose l = 3*u - 5*u + 11, 5*l = -u + 28. Suppose u*r + 9 = -5*w, 0 = -r + 3*r + 5*w + 11. Let f(c) = c**3 - c + 1. What is f(r)?
7
Suppose 37*c = 211 + 48. Let z(j) be the first derivative of 1 + c*j + 1/2*j**2. Give z(-7).
0
Let m be (0 + -20)/(-5)*130/(-8). Let t = 59 + m. Let v(w) = w**3 + 6*w**2 - 2*w - 9. Give v(t).
3
Let z(q) = -q**3 + q + 2. Let n(a) = 3*a**3 + 3*a**2 - 6*a - 5. Let s(d) = -n(d) - 4*z(d). Let x be (-3)/(-3)*12/(-3). Let p = 6 + x. Give s(p).
-3
Let j(p) be the second derivative of -p**7/2520 + p**6/120 - p**5/120 + 13*p**4/6 + 41*p. Let i(z) be the third derivative of j(z). Determine i(5).
4
Let o(w) = -w**3 - 4*w**2 + 16*w + 44. Let p be o(-5). Let m(i) = -i**3 - 10*i**2 + 11*i + 2. What is m(p)?
2
Let t(r) be the third derivative of -r**5/60 - 5*r**4/12 + 2*r**3/3 + 2*r**2 - 135*r. Calculate t(-10).
4
Let v(s) = s**2 + 2*s. Suppose 3*p + 4*i + 1 = 0, 77*i - 76*i - 6 = -2*p. Give v(p).
35
Let x(d) = 6*d + 8*d + d - 13*d + 13. Give x(-7).
-1
Suppose -1159 = -3*d - 2*w - 2*w, -1158 = -3*d - 3*w. Let a(i) = -379 - 10*i + d - 3*i**2 + 4*i**2. What is a(9)?
-3
Let l = -19 - -37. Suppose 2*m - 2*x - 2 = -l, -4*x = -4. Let d = 11 + m. Let b(c) = -c**3 + 4*c**2 + 2*c - 6. Determine b(d).
2
Let h = 116 - 63. Let b(d) = 96*d - 42*d + 2 - h*d. Determine b(0).
2
Let l(g) = g**3 + 2*g**2 - 7*g - 6. Suppose 2*o = 5*o - 33. Let r(x) = x**2 - 27*x + 57. Let v be r(25). Suppose -v = -c - o. Determine l(c).
-10
Let j(a) be the third derivative of -a**7/2520 - 7*a**6/720 + 5*a**4/3 + a**2 - 2*a. Let z(m) be the second derivative of j(m). Calculate z(-7).
0
Let z(x) = -x**3 + 30*x**2 - 125*x - 5. Let t be z(25). Let v(b) = -b**2 + 1 - 1 - 5*b. Calculate v(t).
0
Suppose 5*d + 36 - 41 = -2*m, -m + 2 = 3*d. Let w(h) be the second derivative of -h**4/12 + 2*h**3/3 - 3*h**2 - h. Determine w(m).
-11
Let x(g) = g**3 + 2*g**2 - 6*g + 3. Let j be x(1). Let m(v) = 2*v**2 + 3. Give m(j).
3
Suppose 25 = -4*h + 9. Let t(g) = 2*g**3 + 5*g**2 - 2*g + 3. What is t(h)?
-37
Let x(o) = -3*o**2 - 3*o. Let i be x(-2). Let j be 2 + (i - -2) + -2. Let u(h) = -h**2 - 2*h + 5. Let g be u(j). Let d(l) = -2*l**2 - 3*l + 1. Give d(g).
-8
Let z(i) be the third derivative of -i**7/2520 - i**6/720 + i**5/60 - 3*i**2. Let l(o) be the third derivative of z(o). Suppose -8*f + 29 = 53. Give l(f).
5
Let s(p) be the third derivative of -p**4/4 + 4*p**3/3 - 2*p**2 + 7. Calculate s(4).
-16
Let b(t) be the second derivative of t**4/12 + 7*t**3/2 + 6*t**2 - 235*t. Give b(-20).
-8
Let x(h) = -h**2 - 3*h + 7. Let p = -62 + 59. Determine x(p).
7
Let h(s) = -s - 20. Let n be h(-18). Let d be (n/3)/(1/(-9)). Let w = d - 7. Let p(m) = 7*m - 1. Give p(w).
-8
Suppose -3*l = -2*v + 2*l - 16, l - 8 = 2*v. Let f(p) be the third derivative of p**5/60 + p**4/6 + 4*p**2 - 4. Calculate f(v).
-3
Let o(h) be the third derivative of -h**5/60 - h**4/8 + h**3/2 + 2*h**2 - 17*h. Give o(3).
-15
Suppose 6 = z + 5. Let q(s) = -z + 3*s**2 - 4*s**2 + 10*s**2. Let l(i) = 3*i - 64. Let d be l(21). Determine q(d).
8
Let y(z) = z - 5. Let p = 28 + -32. Let d be p*2/(24/(-15)). Give y(d).
0
Let f(t) be the second derivative of -t**3/6 + 2*t**2 - t - 102. Give f(9).
-5
Let t(d) = d - 8. Let k(i) = 3*i - 6. Let a be k(7). Let y = 13 - a. Let n = 3 - y. What is t(n)?
-3
Let y(t) be the second derivative of -t**3/2 + 5*t**2/2 - 8*t. Let h be y(3). Let r(z) be the third derivative of z**4/24 - z**3/6 + z**2. Determine r(h).
-5
Let s = -776 + 773. Let b(n) = -18*n - 1. Give b(s).
53
Let t(s) = -s**3 - 5*s**2 - 2*s - 5. Let p(u) = -u**3 + 17*u**2 - 17*u + 11. Let o be p(16). Give t(o).
5
Let t(b) = -16*b**3 - 41*b**2 - 26*b + 11. Let z be -14 + 4 + (1 - 2). Let j(l) = 3*l**3 + 8*l**2 + 